{"id":346,"date":"2014-04-18T17:11:47","date_gmt":"2014-04-18T17:11:47","guid":{"rendered":"http:\/\/lordmmx.com\/?page_id=346"},"modified":"2014-04-18T17:23:34","modified_gmt":"2014-04-18T17:23:34","slug":"komponenty-a-rozpocet","status":"publish","type":"page","link":"https:\/\/peterprotus.eu\/?page_id=346","title":{"rendered":"Komponenty a rozpo\u010det"},"content":{"rendered":"<p>Na cel\u00fd projekt budem potrebova\u0165 auto a jednotliv\u00e9 komponenty \ud83d\ude42<\/p>\n<p>&nbsp;<\/p>\n<h3>POTREBUJEM:<\/h3>\n<p><strong>Opel Kadett E 1.5TD \/ 1.6D \/ 1.7TD\u00a0<\/strong><\/p>\n<p>Predn\u00e9 svetl\u00e1 nexia<\/p>\n<p>Kufrov\u00e9 dvere nexia<\/p>\n<p>Veko n\u00e1dr\u017ee nexia<\/p>\n<p>Sedadl\u00e1 predn\u00e9 nexia<\/p>\n<p>Interi\u00e9r Opel Astra F \/ G<\/p>\n<p>Kot\u00fa\u010dov\u00e9 brzdy Opel Astra Gsi<\/p>\n<p>Zadn\u00e9 kot\u00fa\u010dov\u00e9 brzdy Opel Vectra A (nie B kv\u00f4li ru\u010dnej brzde!!!)<\/p>\n<p>Kapota motora nexia<\/p>\n<p>maska nexia<\/p>\n<p>predn\u00fd n\u00e1razn\u00edk nexia<\/p>\n<p>zadn\u00fd n\u00e1razn\u00edk nexia<\/p>\n<p>blatn\u00edky nexia<\/p>\n<p>&nbsp;<\/p>\n<h3>M\u00c1M:<\/h3>\n<p>zadn\u00e9 svelt\u00e1 nexia<\/p>\n<p>motor\u010dek veka n\u00e1dr\u017ee<\/p>\n<p>manual a elektro sch\u00e9ma nexia a kadett<\/p>\n<p>&nbsp;<\/p>\n<h2>ROZPO\u010cET:<\/h2>\n<p>Na cel\u00fd projekt po\u010d\u00edtam minim\u00e1lne <strong>1000\u20ac<\/strong>. \u00a0<em>kadett by som najrad\u0161ej k\u00fapil do 350\u20ac s prepisom a poisten\u00edm by to mohlo by\u0165 do 450\u20ac (pracujem pre pois\u0165ov\u0148u&#8230; \ud83d\ude42 ) a za 550\u20ac by som mohol rie\u0161i\u0165 prestavbu.<\/em><\/p>\n<p>&nbsp;<\/p>\n<p>&nbsp;<\/p>\n<form action=\"https:\/\/www.paypal.com\/cgi-bin\/webscr\" method=\"post\" target=\"_top\"><input name=\"cmd\" type=\"hidden\" value=\"_s-xclick\" \/>M\u00f4\u017eete ma podpori\u0165 \ud83d\ude42 pokia\u013e to chcete vidie\u0165 v praxi \ud83d\ude42 Najlep\u0161ie cez paypal \u013eubovolnou sumou od 1\u20ac vy\u0161\u0161ie \ud83d\ude42<br \/>\n<input name=\"hosted_button_id\" type=\"hidden\" value=\"EGPB7QRL4ZT6N\" \/><br \/>\n<input alt=\"PayPal - The safer, easier way to pay online!\" name=\"submit\" src=\"https:\/\/www.paypalobjects.com\/en_US\/i\/btn\/btn_donate_LG.gif\" type=\"image\" \/><br \/>\n<img loading=\"lazy\" decoding=\"async\" src=\"https:\/\/www.paypalobjects.com\/en_US\/i\/scr\/pixel.gif\" alt=\"\" width=\"1\" height=\"1\" border=\"0\" \/><\/form>\n","protected":false},"excerpt":{"rendered":"<p>Na cel\u00fd projekt budem potrebova\u0165 auto a jednotliv\u00e9 komponenty \ud83d\ude42 &nbsp; POTREBUJEM: Opel Kadett E 1.5TD \/ 1.6D \/ 1.7TD\u00a0 Predn\u00e9 svetl\u00e1 nexia Kufrov\u00e9 dvere nexia Veko n\u00e1dr\u017ee nexia Sedadl\u00e1 predn\u00e9 nexia Interi\u00e9r Opel Astra F \/ G Kot\u00fa\u010dov\u00e9 brzdy Opel Astra Gsi Zadn\u00e9 kot\u00fa\u010dov\u00e9 brzdy Opel Vectra A (nie B kv\u00f4li ru\u010dnej brzde!!!) Kapota [&hellip;]<\/p>\n","protected":false},"author":1,"featured_media":0,"parent":321,"menu_order":1,"comment_status":"open","ping_status":"open","template":"","meta":{"footnotes":"","_links_to":"","_links_to_target":""},"class_list":["post-346","page","type-page","status-publish","hentry"],"_links":{"self":[{"href":"https:\/\/peterprotus.eu\/index.php?rest_route=\/wp\/v2\/pages\/346","targetHints":{"allow":["GET"]}}],"collection":[{"href":"https:\/\/peterprotus.eu\/index.php?rest_route=\/wp\/v2\/pages"}],"about":[{"href":"https:\/\/peterprotus.eu\/index.php?rest_route=\/wp\/v2\/types\/page"}],"author":[{"embeddable":true,"href":"https:\/\/peterprotus.eu\/index.php?rest_route=\/wp\/v2\/users\/1"}],"replies":[{"embeddable":true,"href":"https:\/\/peterprotus.eu\/index.php?rest_route=%2Fwp%2Fv2%2Fcomments&post=346"}],"version-history":[{"count":4,"href":"https:\/\/peterprotus.eu\/index.php?rest_route=\/wp\/v2\/pages\/346\/revisions"}],"predecessor-version":[{"id":350,"href":"https:\/\/peterprotus.eu\/index.php?rest_route=\/wp\/v2\/pages\/346\/revisions\/350"}],"up":[{"embeddable":true,"href":"https:\/\/peterprotus.eu\/index.php?rest_route=\/wp\/v2\/pages\/321"}],"wp:attachment":[{"href":"https:\/\/peterprotus.eu\/index.php?rest_route=%2Fwp%2Fv2%2Fmedia&parent=346"}],"curies":[{"name":"wp","href":"https:\/\/api.w.org\/{rel}","templated":true}]}}