{"id":17,"date":"2011-10-23T00:34:43","date_gmt":"2011-10-23T00:34:43","guid":{"rendered":"http:\/\/lordmmx.net\/?page_id=17"},"modified":"2013-05-05T13:11:38","modified_gmt":"2013-05-05T13:11:38","slug":"downloads","status":"publish","type":"page","link":"https:\/\/peterprotus.eu\/?page_id=17","title":{"rendered":"Notebooky \/ Po\u010d\u00edta\u010de"},"content":{"rendered":"<p>Tu budem zverej\u0148ova\u0165 v\u0161etky stroje, ktor\u00e9 mi pre\u0161li rukami, alebo ktor\u00e9 vlastn\u00edm&#8230;<\/p>\n<p style=\"text-align: center;\"><a href=\"http:\/\/lordmmx.net\/wp-content\/uploads\/2011\/10\/IMG_3135.jpg\"><img loading=\"lazy\" decoding=\"async\" class=\"size-medium wp-image-203 aligncenter\" alt=\"Dell Inspiron 1525\" src=\"http:\/\/lordmmx.net\/wp-content\/uploads\/2011\/10\/IMG_3135-224x300.jpg\" width=\"224\" height=\"300\" srcset=\"https:\/\/peterprotus.eu\/wp-content\/uploads\/2011\/10\/IMG_3135-224x300.jpg 224w, https:\/\/peterprotus.eu\/wp-content\/uploads\/2011\/10\/IMG_3135-764x1024.jpg 764w, https:\/\/peterprotus.eu\/wp-content\/uploads\/2011\/10\/IMG_3135.jpg 1162w\" sizes=\"auto, (max-width: 224px) 100vw, 224px\" \/><\/a><\/p>\n<p>Nikdy sa nejedn\u00e1 \u00a0o nov\u00e9 stroje, v\u00e4\u010d\u0161inou s\u00fa to neboh\u00e9 haraburdy, ktor\u00fdm vraciam \u017eivot a d\u00e1vam ich do p\u00f4vodn\u00e9ho stavu.<\/p>\n<p>\ud83d\ude42<\/p>\n","protected":false},"excerpt":{"rendered":"<p>Tu budem zverej\u0148ova\u0165 v\u0161etky stroje, ktor\u00e9 mi pre\u0161li rukami, alebo ktor\u00e9 vlastn\u00edm&#8230; Nikdy sa nejedn\u00e1 \u00a0o nov\u00e9 stroje, v\u00e4\u010d\u0161inou s\u00fa to neboh\u00e9 haraburdy, ktor\u00fdm vraciam \u017eivot a d\u00e1vam ich do p\u00f4vodn\u00e9ho stavu. \ud83d\ude42<\/p>\n","protected":false},"author":1,"featured_media":0,"parent":0,"menu_order":6,"comment_status":"open","ping_status":"open","template":"","meta":{"footnotes":"","_links_to":"","_links_to_target":""},"class_list":["post-17","page","type-page","status-publish","hentry"],"_links":{"self":[{"href":"https:\/\/peterprotus.eu\/index.php?rest_route=\/wp\/v2\/pages\/17","targetHints":{"allow":["GET"]}}],"collection":[{"href":"https:\/\/peterprotus.eu\/index.php?rest_route=\/wp\/v2\/pages"}],"about":[{"href":"https:\/\/peterprotus.eu\/index.php?rest_route=\/wp\/v2\/types\/page"}],"author":[{"embeddable":true,"href":"https:\/\/peterprotus.eu\/index.php?rest_route=\/wp\/v2\/users\/1"}],"replies":[{"embeddable":true,"href":"https:\/\/peterprotus.eu\/index.php?rest_route=%2Fwp%2Fv2%2Fcomments&post=17"}],"version-history":[{"count":3,"href":"https:\/\/peterprotus.eu\/index.php?rest_route=\/wp\/v2\/pages\/17\/revisions"}],"predecessor-version":[{"id":202,"href":"https:\/\/peterprotus.eu\/index.php?rest_route=\/wp\/v2\/pages\/17\/revisions\/202"}],"wp:attachment":[{"href":"https:\/\/peterprotus.eu\/index.php?rest_route=%2Fwp%2Fv2%2Fmedia&parent=17"}],"curies":[{"name":"wp","href":"https:\/\/api.w.org\/{rel}","templated":true}]}}