{"id":1208,"date":"2017-12-13T01:08:14","date_gmt":"2017-12-13T01:08:14","guid":{"rendered":"http:\/\/peterprotus.eu\/?page_id=1208"},"modified":"2023-02-18T20:50:16","modified_gmt":"2023-02-18T20:50:16","slug":"daewoo-lanos","status":"publish","type":"page","link":"https:\/\/peterprotus.eu\/?page_id=1208","title":{"rendered":"Daewoo Lanos"},"content":{"rendered":"<p><a href=\"http:\/\/peterprotus.eu\/wp-content\/uploads\/2022\/11\/gmdat-1.png\"><img loading=\"lazy\" decoding=\"async\" class=\"wp-image-1440 size-large aligncenter\" src=\"http:\/\/peterprotus.eu\/wp-content\/uploads\/2022\/11\/gmdat-1-1024x244.png\" alt=\"\" width=\"640\" height=\"153\" srcset=\"https:\/\/peterprotus.eu\/wp-content\/uploads\/2022\/11\/gmdat-1-1024x244.png 1024w, https:\/\/peterprotus.eu\/wp-content\/uploads\/2022\/11\/gmdat-1-300x71.png 300w, https:\/\/peterprotus.eu\/wp-content\/uploads\/2022\/11\/gmdat-1-768x183.png 768w, https:\/\/peterprotus.eu\/wp-content\/uploads\/2022\/11\/gmdat-1-1536x365.png 1536w, https:\/\/peterprotus.eu\/wp-content\/uploads\/2022\/11\/gmdat-1-2048x487.png 2048w\" sizes=\"auto, (max-width: 640px) 100vw, 640px\" \/><\/a><\/p>\n<p>&nbsp;<\/p>\n<h3><strong>Daewoo Lanos 1.5 8V 63kw<\/strong><\/h3>\n<p><span style=\"color: #ff0000;\">Lanos bol predan\u00fd k 1. febru\u00e1ru 2020. Sl\u00fa\u017ei na\u010falej \ud83d\ude42<\/span><\/p>\n<p>Najnov\u0161\u00ed pr\u00edrastok do rodiny, Daewoo Lanos 1.5 8V 63kw, ktor\u00fd kon\u0161truk\u010dne vych\u00e1dza z modelu Nexia (rovnak\u00fd podvozok, rovnak\u00e9 \u010dasti motora) av\u0161ak v nov\u0161om kab\u00e1te.&nbsp;<\/p>\n<p>M\u00f4j Lanos m\u00e1 motor 1.5L 8V o v\u00fdkone 63kw (motor je do ve\u013ekej miery identick\u00fd s motorom 1.5 8V z Nexie av\u0161ak m\u00e1 o 8kw viac), a z v\u00fdbavy&nbsp; neobsahuje absol\u00fatne ni\u010d \ud83d\ude42 &#8230; Ide\u00e1lne auto pre sebarealiz\u00e1ciu.<a href=\"http:\/\/peterprotus.eu\/wp-content\/uploads\/2022\/11\/IMG_20190320_230918-scaled.jpg\"><img loading=\"lazy\" decoding=\"async\" class=\"alignright wp-image-1442 \" src=\"http:\/\/peterprotus.eu\/wp-content\/uploads\/2022\/11\/IMG_20190320_230918-1024x768.jpg\" alt=\"\" width=\"317\" height=\"238\" srcset=\"https:\/\/peterprotus.eu\/wp-content\/uploads\/2022\/11\/IMG_20190320_230918-1024x768.jpg 1024w, https:\/\/peterprotus.eu\/wp-content\/uploads\/2022\/11\/IMG_20190320_230918-300x225.jpg 300w, https:\/\/peterprotus.eu\/wp-content\/uploads\/2022\/11\/IMG_20190320_230918-768x576.jpg 768w, https:\/\/peterprotus.eu\/wp-content\/uploads\/2022\/11\/IMG_20190320_230918-1536x1152.jpg 1536w, https:\/\/peterprotus.eu\/wp-content\/uploads\/2022\/11\/IMG_20190320_230918-2048x1536.jpg 2048w\" sizes=\"auto, (max-width: 317px) 100vw, 317px\" \/><\/a><\/p>\n<p>Lanos je zauj\u00edmav\u00fd t\u00fdm, \u017ee ho v Rumunsku dodnes vyr\u00e1ba firma ZAZ pod n\u00e1zvom ZAZ Chance a ZAZ Sens, av\u0161ak vyv\u00e1\u017ea a pred\u00e1va sa aj v \u0161t\u00e1toch byvaleho SSSR ako napr\u00edklad uzbekistan (Chevrolet Lanos) alebo v samotnom Rusku, tak\u017ee o n\u00e1hradn\u00e9 diely a tuningov\u00e9 diely nie je n\u00fadza.<\/p>\n<p>Lanosu by som vytkol ni\u017e\u0161iu stabilitu na vozovke oproti Nexii, pri\u010dom podvozok maj\u00fa identick\u00fd, takisto brzdy s\u00fa slab\u0161ie av\u0161ak daj\u00fa sa nahradi\u0165 silnej\u0161\u00edmi z Opel Astra alebo Vectra.&nbsp;<img loading=\"lazy\" decoding=\"async\" class=\"alignright \" src=\"http:\/\/www.autohof.sk\/wordpress\/wp-content\/uploads\/2017\/06\/tam_logo_biele_700x400.png\" width=\"193\" height=\"110\"><\/p>\n<p>Na druh\u00fa stranu poskytuje viac priestoru pre pasa\u017eierov oproti Nexii.&nbsp;<\/p>\n<p>Do Lanosa <strong>tankujem v\u00fdhradne<\/strong> 95 a 101 okt\u00e1nov\u00e9 palivo z<strong> T a M Autohof&nbsp;<\/strong><\/p>\n<p>&nbsp;<\/p>\n<p>&nbsp;<\/p>\n<p>Fotky:<a href=\"http:\/\/peterprotus.eu\/wp-content\/uploads\/2017\/12\/2017-04-08-13.50.00.jpg\"><br \/>\n<\/a><\/p>\n","protected":false},"excerpt":{"rendered":"<p>&nbsp; Daewoo Lanos 1.5 8V 63kw Lanos bol predan\u00fd k 1. febru\u00e1ru 2020. Sl\u00fa\u017ei na\u010falej \ud83d\ude42 Najnov\u0161\u00ed pr\u00edrastok do rodiny, Daewoo Lanos 1.5 8V 63kw, ktor\u00fd kon\u0161truk\u010dne vych\u00e1dza z modelu Nexia (rovnak\u00fd podvozok, rovnak\u00e9 \u010dasti motora) av\u0161ak v nov\u0161om kab\u00e1te.&nbsp; M\u00f4j Lanos m\u00e1 motor 1.5L 8V o v\u00fdkone 63kw (motor je do ve\u013ekej miery identick\u00fd [&hellip;]<\/p>\n","protected":false},"author":1,"featured_media":0,"parent":1592,"menu_order":3,"comment_status":"closed","ping_status":"closed","template":"","meta":{"footnotes":"","_links_to":"","_links_to_target":""},"class_list":["post-1208","page","type-page","status-publish","hentry"],"_links":{"self":[{"href":"https:\/\/peterprotus.eu\/index.php?rest_route=\/wp\/v2\/pages\/1208","targetHints":{"allow":["GET"]}}],"collection":[{"href":"https:\/\/peterprotus.eu\/index.php?rest_route=\/wp\/v2\/pages"}],"about":[{"href":"https:\/\/peterprotus.eu\/index.php?rest_route=\/wp\/v2\/types\/page"}],"author":[{"embeddable":true,"href":"https:\/\/peterprotus.eu\/index.php?rest_route=\/wp\/v2\/users\/1"}],"replies":[{"embeddable":true,"href":"https:\/\/peterprotus.eu\/index.php?rest_route=%2Fwp%2Fv2%2Fcomments&post=1208"}],"version-history":[{"count":12,"href":"https:\/\/peterprotus.eu\/index.php?rest_route=\/wp\/v2\/pages\/1208\/revisions"}],"predecessor-version":[{"id":1446,"href":"https:\/\/peterprotus.eu\/index.php?rest_route=\/wp\/v2\/pages\/1208\/revisions\/1446"}],"up":[{"embeddable":true,"href":"https:\/\/peterprotus.eu\/index.php?rest_route=\/wp\/v2\/pages\/1592"}],"wp:attachment":[{"href":"https:\/\/peterprotus.eu\/index.php?rest_route=%2Fwp%2Fv2%2Fmedia&parent=1208"}],"curies":[{"name":"wp","href":"https:\/\/api.w.org\/{rel}","templated":true}]}}

<p><a href="http://peterprotus.eu/wp-content/uploads/2022/11/gmdat-1.png"><img loading="lazy" decoding="async" class="wp-image-1440 size-large aligncenter" src="http://peterprotus.eu/wp-content/uploads/2022/11/gmdat-1-1024x244.png" alt="" width="640" height="153" srcset="https://peterprotus.eu/wp-content/uploads/2022/11/gmdat-1-1024x244.png 1024w, https://peterprotus.eu/wp-content/uploads/2022/11/gmdat-1-300x71.png 300w, https://peterprotus.eu/wp-content/uploads/2022/11/gmdat-1-768x183.png 768w, https://peterprotus.eu/wp-content/uploads/2022/11/gmdat-1-1536x365.png 1536w, https://peterprotus.eu/wp-content/uploads/2022/11/gmdat-1-2048x487.png 2048w" sizes="auto, (max-width: 640px) 100vw, 640px" /></a></p>
<p>&nbsp;</p>
<h3><strong>Daewoo Lanos 1.5 8V 63kw</strong></h3>
<p><span style="color: #ff0000;">Lanos bol predaný k 1. februáru 2020. Slúži naďalej 🙂</span></p>
<p>Najnovší prírastok do rodiny, Daewoo Lanos 1.5 8V 63kw, ktorý konštrukčne vychádza z modelu Nexia (rovnaký podvozok, rovnaké časti motora) avšak v novšom kabáte.&nbsp;</p>
<p>Môj Lanos má motor 1.5L 8V o výkone 63kw (motor je do veľkej miery identický s motorom 1.5 8V z Nexie avšak má o 8kw viac), a z výbavy&nbsp; neobsahuje absolútne nič 🙂 &#8230; Ideálne auto pre sebarealizáciu.<a href="http://peterprotus.eu/wp-content/uploads/2022/11/IMG_20190320_230918-scaled.jpg"><img loading="lazy" decoding="async" class="alignright wp-image-1442 " src="http://peterprotus.eu/wp-content/uploads/2022/11/IMG_20190320_230918-1024x768.jpg" alt="" width="317" height="238" srcset="https://peterprotus.eu/wp-content/uploads/2022/11/IMG_20190320_230918-1024x768.jpg 1024w, https://peterprotus.eu/wp-content/uploads/2022/11/IMG_20190320_230918-300x225.jpg 300w, https://peterprotus.eu/wp-content/uploads/2022/11/IMG_20190320_230918-768x576.jpg 768w, https://peterprotus.eu/wp-content/uploads/2022/11/IMG_20190320_230918-1536x1152.jpg 1536w, https://peterprotus.eu/wp-content/uploads/2022/11/IMG_20190320_230918-2048x1536.jpg 2048w" sizes="auto, (max-width: 317px) 100vw, 317px" /></a></p>
<p>Lanos je zaujímavý tým, že ho v Rumunsku dodnes vyrába firma ZAZ pod názvom ZAZ Chance a ZAZ Sens, avšak vyváža a predáva sa aj v štátoch byvaleho SSSR ako napríklad uzbekistan (Chevrolet Lanos) alebo v samotnom Rusku, takže o náhradné diely a tuningové diely nie je núdza.</p>
<p>Lanosu by som vytkol nižšiu stabilitu na vozovke oproti Nexii, pričom podvozok majú identický, takisto brzdy sú slabšie avšak dajú sa nahradiť silnejšími z Opel Astra alebo Vectra.&nbsp;<img loading="lazy" decoding="async" class="alignright " src="http://www.autohof.sk/wordpress/wp-content/uploads/2017/06/tam_logo_biele_700x400.png" width="193" height="110"></p>
<p>Na druhú stranu poskytuje viac priestoru pre pasažierov oproti Nexii.&nbsp;</p>
<p>Do Lanosa <strong>tankujem výhradne</strong> 95 a 101 oktánové palivo z<strong> T a M Autohof&nbsp;</strong></p>
<p>&nbsp;</p>
<p>&nbsp;</p>
<p>Fotky:<a href="http://peterprotus.eu/wp-content/uploads/2017/12/2017-04-08-13.50.00.jpg"><br />
</a></p>

<p>&nbsp; Daewoo Lanos 1.5 8V 63kw Lanos bol predaný k 1. februáru 2020. Slúži naďalej 🙂 Najnovší prírastok do rodiny, Daewoo Lanos 1.5 8V 63kw, ktorý konštrukčne vychádza z modelu Nexia (rovnaký podvozok, rovnaké časti motora) avšak v novšom kabáte.&nbsp; Môj Lanos má motor 1.5L 8V o výkone 63kw (motor je do veľkej miery identický [&hellip;]</p>
